{"id":922,"date":"2021-02-14T21:33:25","date_gmt":"2021-02-14T21:33:25","guid":{"rendered":"https:\/\/quarty-demo.bslthemes.com\/?page_id=922"},"modified":"2025-06-26T21:20:39","modified_gmt":"2025-06-26T21:20:39","slug":"portfolio-fullscreen-masonry","status":"publish","type":"page","link":"https:\/\/Etateam.net\/?page_id=922","title":{"rendered":"Portfolio (Fullscreen Masonry)"},"content":{"rendered":"\t\t<div data-elementor-type=\"wp-page\" data-elementor-id=\"922\" class=\"elementor elementor-922\">\n\t\t\t\t<div class=\"elementor-element elementor-element-cd7b1df e-flex e-con-boxed e-con e-parent\" data-id=\"cd7b1df\" data-element_type=\"container\">\n\t\t\t\t\t<div class=\"e-con-inner\">\n\t\t\t\t<div class=\"elementor-element elementor-element-d7cada7 elementor-widget elementor-widget-heading\" data-id=\"d7cada7\" data-element_type=\"widget\" data-widget_type=\"heading.default\">\n\t\t\t\t<div class=\"elementor-widget-container\">\n\t\t\t\t\t<h2 class=\"elementor-heading-title elementor-size-default\">Projelerimiz<\/h2>\t\t\t\t<\/div>\n\t\t\t\t<\/div>\n\t\t\t\t\t<\/div>\n\t\t\t\t<\/div>\n\t\t<div class=\"elementor-element elementor-element-87e55b7 e-flex e-con-boxed e-con e-parent\" data-id=\"87e55b7\" data-element_type=\"container\">\n\t\t\t\t\t<div class=\"e-con-inner\">\n\t\t\t\t<div class=\"elementor-element elementor-element-faa5515 elementor-widget__width-inherit elementor-arrows-position-inside elementor-pagination-position-outside elementor-widget elementor-widget-image-carousel\" data-id=\"faa5515\" data-element_type=\"widget\" data-settings=\"{&quot;image_spacing_custom&quot;:{&quot;unit&quot;:&quot;px&quot;,&quot;size&quot;:28,&quot;sizes&quot;:[]},&quot;navigation&quot;:&quot;both&quot;,&quot;autoplay&quot;:&quot;yes&quot;,&quot;pause_on_hover&quot;:&quot;yes&quot;,&quot;pause_on_interaction&quot;:&quot;yes&quot;,&quot;autoplay_speed&quot;:5000,&quot;infinite&quot;:&quot;yes&quot;,&quot;speed&quot;:500,&quot;image_spacing_custom_tablet&quot;:{&quot;unit&quot;:&quot;px&quot;,&quot;size&quot;:&quot;&quot;,&quot;sizes&quot;:[]},&quot;image_spacing_custom_mobile&quot;:{&quot;unit&quot;:&quot;px&quot;,&quot;size&quot;:&quot;&quot;,&quot;sizes&quot;:[]}}\" data-widget_type=\"image-carousel.default\">\n\t\t\t\t<div class=\"elementor-widget-container\">\n\t\t\t\t\t\t\t<div class=\"elementor-image-carousel-wrapper swiper\" role=\"region\" aria-roledescription=\"carousel\" aria-label=\"Resim D\u00f6ng\u00fcs\u00fc\" dir=\"ltr\">\n\t\t\t<div class=\"elementor-image-carousel swiper-wrapper swiper-image-stretch\" aria-live=\"off\">\n\t\t\t\t\t\t\t\t<div class=\"swiper-slide\" role=\"group\" aria-roledescription=\"slide\" aria-label=\"1 \/ 27\"><figure class=\"swiper-slide-inner\"><img decoding=\"async\" class=\"swiper-slide-image\" src=\"https:\/\/Etateam.net\/wp-content\/uploads\/2025\/06\/ETA-YAPI-_-SUNUM-1_page-0007-950x534.jpg\" alt=\"ETA YAPI _ SUNUM (1)_page-0007\" \/><\/figure><\/div><div class=\"swiper-slide\" role=\"group\" aria-roledescription=\"slide\" aria-label=\"2 \/ 27\"><figure class=\"swiper-slide-inner\"><img decoding=\"async\" class=\"swiper-slide-image\" src=\"https:\/\/Etateam.net\/wp-content\/uploads\/2025\/06\/ETA-YAPI-_-SUNUM-1_page-0008-950x534.jpg\" alt=\"ETA YAPI _ SUNUM (1)_page-0008\" \/><\/figure><\/div><div class=\"swiper-slide\" role=\"group\" aria-roledescription=\"slide\" aria-label=\"3 \/ 27\"><figure class=\"swiper-slide-inner\"><img decoding=\"async\" class=\"swiper-slide-image\" src=\"https:\/\/Etateam.net\/wp-content\/uploads\/2025\/06\/ETA-YAPI-_-SUNUM-1_page-0009-950x534.jpg\" alt=\"ETA YAPI _ SUNUM (1)_page-0009\" \/><\/figure><\/div><div class=\"swiper-slide\" role=\"group\" aria-roledescription=\"slide\" aria-label=\"4 \/ 27\"><figure class=\"swiper-slide-inner\"><img decoding=\"async\" class=\"swiper-slide-image\" src=\"https:\/\/Etateam.net\/wp-content\/uploads\/2025\/06\/ETA-YAPI-_-SUNUM-1_page-0010-950x534.jpg\" alt=\"ETA YAPI _ SUNUM (1)_page-0010\" \/><\/figure><\/div><div class=\"swiper-slide\" role=\"group\" aria-roledescription=\"slide\" aria-label=\"5 \/ 27\"><figure class=\"swiper-slide-inner\"><img decoding=\"async\" class=\"swiper-slide-image\" src=\"https:\/\/Etateam.net\/wp-content\/uploads\/2025\/06\/ETA-YAPI-_-SUNUM-1_page-0011-950x534.jpg\" alt=\"ETA YAPI _ SUNUM (1)_page-0011\" \/><\/figure><\/div><div class=\"swiper-slide\" role=\"group\" aria-roledescription=\"slide\" aria-label=\"6 \/ 27\"><figure class=\"swiper-slide-inner\"><img decoding=\"async\" class=\"swiper-slide-image\" src=\"https:\/\/Etateam.net\/wp-content\/uploads\/2025\/06\/ETA-YAPI-_-SUNUM-1_page-0012-950x534.jpg\" alt=\"ETA YAPI _ SUNUM (1)_page-0012\" \/><\/figure><\/div><div class=\"swiper-slide\" role=\"group\" aria-roledescription=\"slide\" aria-label=\"7 \/ 27\"><figure class=\"swiper-slide-inner\"><img decoding=\"async\" class=\"swiper-slide-image\" src=\"https:\/\/Etateam.net\/wp-content\/uploads\/2025\/06\/ETA-YAPI-_-SUNUM-1_page-0002-950x534.jpg\" alt=\"ETA YAPI _ SUNUM (1)_page-0002\" \/><\/figure><\/div><div class=\"swiper-slide\" role=\"group\" aria-roledescription=\"slide\" aria-label=\"8 \/ 27\"><figure class=\"swiper-slide-inner\"><img decoding=\"async\" class=\"swiper-slide-image\" src=\"https:\/\/Etateam.net\/wp-content\/uploads\/2025\/06\/ETA-YAPI-_-SUNUM-1_page-0003-950x534.jpg\" alt=\"ETA YAPI _ SUNUM (1)_page-0003\" \/><\/figure><\/div><div class=\"swiper-slide\" role=\"group\" aria-roledescription=\"slide\" aria-label=\"9 \/ 27\"><figure class=\"swiper-slide-inner\"><img decoding=\"async\" class=\"swiper-slide-image\" src=\"https:\/\/Etateam.net\/wp-content\/uploads\/2025\/06\/ETA-YAPI-_-SUNUM-1_page-0004-950x534.jpg\" alt=\"ETA YAPI _ SUNUM (1)_page-0004\" \/><\/figure><\/div><div class=\"swiper-slide\" role=\"group\" aria-roledescription=\"slide\" aria-label=\"10 \/ 27\"><figure class=\"swiper-slide-inner\"><img decoding=\"async\" class=\"swiper-slide-image\" src=\"https:\/\/Etateam.net\/wp-content\/uploads\/2025\/06\/ETA-YAPI-_-SUNUM-1_page-0005-950x534.jpg\" alt=\"ETA YAPI _ SUNUM (1)_page-0005\" \/><\/figure><\/div><div class=\"swiper-slide\" role=\"group\" aria-roledescription=\"slide\" aria-label=\"11 \/ 27\"><figure class=\"swiper-slide-inner\"><img decoding=\"async\" class=\"swiper-slide-image\" src=\"https:\/\/Etateam.net\/wp-content\/uploads\/2025\/06\/ETA-YAPI-_-SUNUM-1_page-0006-950x534.jpg\" alt=\"ETA YAPI _ SUNUM (1)_page-0006\" \/><\/figure><\/div><div class=\"swiper-slide\" role=\"group\" aria-roledescription=\"slide\" aria-label=\"12 \/ 27\"><figure class=\"swiper-slide-inner\"><img decoding=\"async\" class=\"swiper-slide-image\" src=\"https:\/\/Etateam.net\/wp-content\/uploads\/2025\/06\/WhatsApp-Image-2025-06-26-at-18.28.16-3-950x1267.jpeg\" alt=\"WhatsApp Image 2025-06-26 at 18.28.16 (3)\" \/><\/figure><\/div><div class=\"swiper-slide\" role=\"group\" aria-roledescription=\"slide\" aria-label=\"13 \/ 27\"><figure class=\"swiper-slide-inner\"><img decoding=\"async\" class=\"swiper-slide-image\" src=\"https:\/\/Etateam.net\/wp-content\/uploads\/2025\/06\/WhatsApp-Image-2025-06-26-at-18.28.16-2-950x713.jpeg\" alt=\"WhatsApp Image 2025-06-26 at 18.28.16 (2)\" \/><\/figure><\/div><div class=\"swiper-slide\" role=\"group\" aria-roledescription=\"slide\" aria-label=\"14 \/ 27\"><figure class=\"swiper-slide-inner\"><img decoding=\"async\" class=\"swiper-slide-image\" src=\"https:\/\/Etateam.net\/wp-content\/uploads\/2025\/06\/WhatsApp-Image-2025-06-26-at-18.28.16-1-950x713.jpeg\" alt=\"WhatsApp Image 2025-06-26 at 18.28.16 (1)\" \/><\/figure><\/div><div class=\"swiper-slide\" role=\"group\" aria-roledescription=\"slide\" aria-label=\"15 \/ 27\"><figure class=\"swiper-slide-inner\"><img decoding=\"async\" class=\"swiper-slide-image\" src=\"https:\/\/Etateam.net\/wp-content\/uploads\/2025\/06\/WhatsApp-Image-2025-06-26-at-18.28.18.jpeg\" alt=\"WhatsApp Image 2025-06-26 at 18.28.18\" \/><\/figure><\/div><div class=\"swiper-slide\" role=\"group\" aria-roledescription=\"slide\" aria-label=\"16 \/ 27\"><figure class=\"swiper-slide-inner\"><img decoding=\"async\" class=\"swiper-slide-image\" src=\"https:\/\/Etateam.net\/wp-content\/uploads\/2025\/06\/WhatsApp-Image-2025-06-26-at-18.28.17-4-950x713.jpeg\" alt=\"WhatsApp Image 2025-06-26 at 18.28.17 (4)\" \/><\/figure><\/div><div class=\"swiper-slide\" role=\"group\" aria-roledescription=\"slide\" aria-label=\"17 \/ 27\"><figure class=\"swiper-slide-inner\"><img decoding=\"async\" class=\"swiper-slide-image\" src=\"https:\/\/Etateam.net\/wp-content\/uploads\/2025\/06\/WhatsApp-Image-2025-06-26-at-18.28.17-5-950x713.jpeg\" alt=\"WhatsApp Image 2025-06-26 at 18.28.17 (5)\" \/><\/figure><\/div><div class=\"swiper-slide\" role=\"group\" aria-roledescription=\"slide\" aria-label=\"18 \/ 27\"><figure class=\"swiper-slide-inner\"><img decoding=\"async\" class=\"swiper-slide-image\" src=\"https:\/\/Etateam.net\/wp-content\/uploads\/2025\/06\/WhatsApp-Image-2025-06-26-at-18.28.17-950x1267.jpeg\" alt=\"WhatsApp Image 2025-06-26 at 18.28.17\" \/><\/figure><\/div><div class=\"swiper-slide\" role=\"group\" aria-roledescription=\"slide\" aria-label=\"19 \/ 27\"><figure class=\"swiper-slide-inner\"><img decoding=\"async\" class=\"swiper-slide-image\" src=\"https:\/\/Etateam.net\/wp-content\/uploads\/2025\/06\/WhatsApp-Image-2025-06-26-at-18.28.18-1-950x713.jpeg\" alt=\"WhatsApp Image 2025-06-26 at 18.28.18 (1)\" \/><\/figure><\/div><div class=\"swiper-slide\" role=\"group\" aria-roledescription=\"slide\" aria-label=\"20 \/ 27\"><figure class=\"swiper-slide-inner\"><img decoding=\"async\" class=\"swiper-slide-image\" src=\"https:\/\/Etateam.net\/wp-content\/uploads\/2025\/06\/WhatsApp-Image-2025-06-26-at-18.28.18-2-950x713.jpeg\" alt=\"WhatsApp Image 2025-06-26 at 18.28.18 (2)\" \/><\/figure><\/div><div class=\"swiper-slide\" role=\"group\" aria-roledescription=\"slide\" aria-label=\"21 \/ 27\"><figure class=\"swiper-slide-inner\"><img decoding=\"async\" class=\"swiper-slide-image\" src=\"https:\/\/Etateam.net\/wp-content\/uploads\/2025\/06\/WhatsApp-Image-2025-06-26-at-18.28.18-3-950x1267.jpeg\" alt=\"WhatsApp Image 2025-06-26 at 18.28.18 (3)\" \/><\/figure><\/div><div class=\"swiper-slide\" role=\"group\" aria-roledescription=\"slide\" aria-label=\"22 \/ 27\"><figure class=\"swiper-slide-inner\"><img decoding=\"async\" class=\"swiper-slide-image\" src=\"https:\/\/Etateam.net\/wp-content\/uploads\/2025\/06\/WhatsApp-Image-2025-06-26-at-18.28.17-3-950x713.jpeg\" alt=\"WhatsApp Image 2025-06-26 at 18.28.17 (3)\" \/><\/figure><\/div><div class=\"swiper-slide\" role=\"group\" aria-roledescription=\"slide\" aria-label=\"23 \/ 27\"><figure class=\"swiper-slide-inner\"><img decoding=\"async\" class=\"swiper-slide-image\" src=\"https:\/\/Etateam.net\/wp-content\/uploads\/2025\/06\/WhatsApp-Image-2025-06-26-at-18.28.17-2.jpeg\" alt=\"WhatsApp Image 2025-06-26 at 18.28.17 (2)\" \/><\/figure><\/div><div class=\"swiper-slide\" role=\"group\" aria-roledescription=\"slide\" aria-label=\"24 \/ 27\"><figure class=\"swiper-slide-inner\"><img decoding=\"async\" class=\"swiper-slide-image\" src=\"https:\/\/Etateam.net\/wp-content\/uploads\/2025\/06\/WhatsApp-Image-2025-06-26-at-18.28.17-1-950x713.jpeg\" alt=\"WhatsApp Image 2025-06-26 at 18.28.17 (1)\" \/><\/figure><\/div><div class=\"swiper-slide\" role=\"group\" aria-roledescription=\"slide\" aria-label=\"25 \/ 27\"><figure class=\"swiper-slide-inner\"><img decoding=\"async\" class=\"swiper-slide-image\" src=\"https:\/\/Etateam.net\/wp-content\/uploads\/2025\/06\/WhatsApp-Image-2025-06-26-at-18.28.16.jpeg\" alt=\"WhatsApp Image 2025-06-26 at 18.28.16\" \/><\/figure><\/div><div class=\"swiper-slide\" role=\"group\" aria-roledescription=\"slide\" aria-label=\"26 \/ 27\"><figure class=\"swiper-slide-inner\"><img decoding=\"async\" class=\"swiper-slide-image\" src=\"https:\/\/Etateam.net\/wp-content\/uploads\/2025\/06\/WhatsApp-Image-2025-06-26-at-18.28.19-4.jpeg\" alt=\"WhatsApp Image 2025-06-26 at 18.28.19 (4)\" \/><\/figure><\/div><div class=\"swiper-slide\" role=\"group\" aria-roledescription=\"slide\" aria-label=\"27 \/ 27\"><figure class=\"swiper-slide-inner\"><img decoding=\"async\" class=\"swiper-slide-image\" src=\"https:\/\/Etateam.net\/wp-content\/uploads\/2025\/06\/WhatsApp-Image-2025-06-26-at-18.28.19-3-950x713.jpeg\" alt=\"WhatsApp Image 2025-06-26 at 18.28.19 (3)\" \/><\/figure><\/div>\t\t\t<\/div>\n\t\t\t\t\t\t\t\t\t\t\t\t<div class=\"elementor-swiper-button elementor-swiper-button-prev\" role=\"button\" tabindex=\"0\">\n\t\t\t\t\t\t<svg aria-hidden=\"true\" class=\"e-font-icon-svg e-eicon-chevron-left\" viewBox=\"0 0 1000 1000\" xmlns=\"http:\/\/www.w3.org\/2000\/svg\"><path d=\"M646 125C629 125 613 133 604 142L308 442C296 454 292 471 292 487 292 504 296 521 308 533L604 854C617 867 629 875 646 875 663 875 679 871 692 858 704 846 713 829 713 812 713 796 708 779 692 767L438 487 692 225C700 217 708 204 708 187 708 171 704 154 692 142 675 129 663 125 646 125Z\"><\/path><\/svg>\t\t\t\t\t<\/div>\n\t\t\t\t\t<div class=\"elementor-swiper-button elementor-swiper-button-next\" role=\"button\" tabindex=\"0\">\n\t\t\t\t\t\t<svg aria-hidden=\"true\" class=\"e-font-icon-svg e-eicon-chevron-right\" viewBox=\"0 0 1000 1000\" xmlns=\"http:\/\/www.w3.org\/2000\/svg\"><path d=\"M696 533C708 521 713 504 713 487 713 471 708 454 696 446L400 146C388 133 375 125 354 125 338 125 325 129 313 142 300 154 292 171 292 187 292 204 296 221 308 233L563 492 304 771C292 783 288 800 288 817 288 833 296 850 308 863 321 871 338 875 354 875 371 875 388 867 400 854L696 533Z\"><\/path><\/svg>\t\t\t\t\t<\/div>\n\t\t\t\t\n\t\t\t\t\t\t\t\t\t<div class=\"swiper-pagination\"><\/div>\n\t\t\t\t\t\t\t\t\t<\/div>\n\t\t\t\t\t\t<\/div>\n\t\t\t\t<\/div>\n\t\t\t\t\t<\/div>\n\t\t\t\t<\/div>\n\t\t<div class=\"elementor-element elementor-element-8d48b19 e-flex e-con-boxed e-con e-parent\" data-id=\"8d48b19\" data-element_type=\"container\">\n\t\t\t\t\t<div class=\"e-con-inner\">\n\t\t\t\t<div class=\"elementor-element elementor-element-aed9e7e elementor-widget elementor-widget-text-editor\" data-id=\"aed9e7e\" data-element_type=\"widget\" data-widget_type=\"text-editor.default\">\n\t\t\t\t<div class=\"elementor-widget-container\">\n\t\t\t\t\t\t\t\t\t<h4>Referanslar;\u00a0<br \/><br \/><br \/><\/h4><ol><li>Bak\u0131rk\u00f6y Yenimahalle VEZ\u00dcV KONAKLARI (96 Daire)<\/li><li>Bak\u0131rk\u00f6y Kartaltepe Motif Palas (24 Daire 2 D\u00fckkan)<\/li><li>Bak\u0131rk\u00f6y Kartaltepe Petrol Sitesi Motif Apt. A blok B Blok C Blok (36 Daire)<\/li><li>Bak\u0131rk\u00f6y Kartaltepe Yonca Sitesi ( 48 Daire)<\/li><li>Bak\u0131rk\u00f6y Ye\u015filk\u00f6y Villa Kent Sitesi (76 Daire)<\/li><li>Bak\u0131rk\u00f6y Ye\u015filk\u00f6y Erguvan Sitesi (40 Daire)<\/li><li>Bak\u0131rk\u00f6y Kartaltepe Emek Apt.(24 Daire 1 D\u00fckkan)<\/li><li>Bak\u0131rk\u00f6y Kartaltepe Motif Residence (24 Daire)<\/li><li>Bak\u0131rk\u00f6y Ye\u015filk\u00f6y Hemera Gold \u0130\u015f Merkezi (10 Ma\u011faza)<\/li><li>Bak\u0131rk\u00f6y Zuhuratbaba Elif APT. (12 Daire)<\/li><li>Fatih Kocamustafapa\u015fa Sur Konaklar\u0131 ( 32 Daire)<\/li><li>Bak\u0131rk\u00f6y Kartaltepe Birlik Apt. (20 daire 2 d\u00fckkan)<\/li><li>Bak\u0131rk\u00f6y Kartaltepe Umut Apt. ( 12 Daire)<\/li><li>Bak\u0131rk\u00f6y Florya Niyazi Mete Konaklar\u0131 ( 9 Dubleks Daire)<\/li><li>Avc\u0131lar Re\u015fitpa\u015fa Cad. Asime Akg\u00fcn Apt. ( 15 Daire 1 D\u00fckkan)<\/li><li>K.K.T.C \u0130skele Northernland Gransaphire 7 y\u0131ld\u0131zl\u0131 Otel Projesi (286 Oda Casino ve Sosyal Alanlar)<\/li><li>K.K.T.C Magosa Northernland \u015eadan Apartman\u0131 (20 daire)<\/li><li>K.K.T.C Magosa Northernland Kentlus (6 Daire)<\/li><li>K.K.T.C \u0130skele Noyanlar Cons. Royal Life (186 Daire)<\/li><li>K.K.T.C \u0130skele Hasan Onalt AVM (3800 m2 kapal\u0131 alan)<\/li><li>K.K.T.C \u0130skele Noyanlar Site 21 ( Rubby Villalar\u0131)<\/li><li>K.K.T.C Erenk\u00f6y \u0130sland Green Green&amp;Blue (50 Villa)<\/li><li>K.K.T.C Bo\u011faztepe \u0130sland Green Aquamarine (43 Villa+Konut)<\/li><\/ol>\t\t\t\t\t\t\t\t<\/div>\n\t\t\t\t<\/div>\n\t\t\t\t\t<\/div>\n\t\t\t\t<\/div>\n\t\t\t\t<section class=\"elementor-section elementor-top-section elementor-element elementor-element-833bbe0 elementor-section-full_width elementor-section-height-default elementor-section-height-default\" data-id=\"833bbe0\" data-element_type=\"section\">\n\t\t\t\t\t\t<div class=\"elementor-container elementor-column-gap-no\">\n\t\t\t\t\t<div class=\"elementor-column elementor-col-100 elementor-top-column elementor-element elementor-element-ab61bfb\" data-id=\"ab61bfb\" data-element_type=\"column\">\n\t\t\t<div class=\"elementor-widget-wrap elementor-element-populated\">\n\t\t\t\t\t\t<div class=\"elementor-element elementor-element-269f601 elementor-widget elementor-widget-quarty-cta\" data-id=\"269f601\" data-element_type=\"widget\" data-widget_type=\"quarty-cta.default\">\n\t\t\t\t<div class=\"elementor-widget-container\">\n\t\t\t\t\t\n\t\t<div class=\"row\">\n          <div class=\"col-lg-12\">\n            <div class=\"qrt-call-to-action\">\n                            <h4>\n              \t<span >\n\t          \t\tSizinle bir proje y\u00fcr\u00fctebiliriz.\t        \t<\/span>\n              <\/h4>\n                                          <a href=\"\/quarty\/contact\/\" class=\"qrt-btn qrt-btn-sm qrt-btn-color qrt-cursor-scale qrt-anima-link\">\n              \t<span >\n\t          \t\tHEMEN TIKLA\t        \t<\/span>\n              <\/a>\n                          <\/div>\n          <\/div>\n        <\/div>\n\n\t\t\t\t\t\t<\/div>\n\t\t\t\t<\/div>\n\t\t\t\t\t<\/div>\n\t\t<\/div>\n\t\t\t\t\t<\/div>\n\t\t<\/section>\n\t\t\t\t<\/div>\n\t\t","protected":false},"excerpt":{"rendered":"<p>Projelerimiz Referanslar;\u00a0 Bak\u0131rk\u00f6y Yenimahalle VEZ\u00dcV KONAKLARI (96 Daire) Bak\u0131rk\u00f6y Kartaltepe Motif Palas (24 Daire 2 D\u00fckkan) Bak\u0131rk\u00f6y Kartaltepe Petrol Sitesi&#8230; <span class=\"qrt-el-more\"><a href=\"https:\/\/Etateam.net\/?page_id=922\" class=\"qrt-link qrt-color-link qrt-cursor-scale qrt-w-chevron\">Read more<\/a><\/span><\/p>\n","protected":false},"author":1,"featured_media":0,"parent":0,"menu_order":0,"comment_status":"closed","ping_status":"closed","template":"template-layout-builder.php","meta":{"_acf_changed":false,"footnotes":""},"class_list":["post-922","page","type-page","status-publish","hentry"],"acf":[],"_links":{"self":[{"href":"https:\/\/Etateam.net\/index.php?rest_route=\/wp\/v2\/pages\/922","targetHints":{"allow":["GET"]}}],"collection":[{"href":"https:\/\/Etateam.net\/index.php?rest_route=\/wp\/v2\/pages"}],"about":[{"href":"https:\/\/Etateam.net\/index.php?rest_route=\/wp\/v2\/types\/page"}],"author":[{"embeddable":true,"href":"https:\/\/Etateam.net\/index.php?rest_route=\/wp\/v2\/users\/1"}],"replies":[{"embeddable":true,"href":"https:\/\/Etateam.net\/index.php?rest_route=%2Fwp%2Fv2%2Fcomments&post=922"}],"version-history":[{"count":7,"href":"https:\/\/Etateam.net\/index.php?rest_route=\/wp\/v2\/pages\/922\/revisions"}],"predecessor-version":[{"id":2625,"href":"https:\/\/Etateam.net\/index.php?rest_route=\/wp\/v2\/pages\/922\/revisions\/2625"}],"wp:attachment":[{"href":"https:\/\/Etateam.net\/index.php?rest_route=%2Fwp%2Fv2%2Fmedia&parent=922"}],"curies":[{"name":"wp","href":"https:\/\/api.w.org\/{rel}","templated":true}]}}